{"id":20,"date":"2024-08-18T18:15:05","date_gmt":"2024-08-18T16:15:05","guid":{"rendered":"https:\/\/landjugend.neusserling.at\/neu\/?page_id=20"},"modified":"2026-01-02T14:39:04","modified_gmt":"2026-01-02T13:39:04","slug":"ueber-uns","status":"publish","type":"page","link":"https:\/\/landjugend.neusserling.at\/wordpress\/ueber-uns\/","title":{"rendered":"\u00dcber uns"},"content":{"rendered":"\n<figure class=\"wp-block-image aligncenter size-large is-style-rounded is-style-rounded--1\"><img loading=\"lazy\" decoding=\"async\" width=\"1024\" height=\"768\" src=\"https:\/\/landjugend.neusserling.at\/wordpress\/wp-content\/uploads\/2026\/01\/IMG_7193-1024x768.jpg\" alt=\"\" class=\"wp-image-325\" srcset=\"https:\/\/landjugend.neusserling.at\/wordpress\/wp-content\/uploads\/2026\/01\/IMG_7193-1024x768.jpg 1024w, https:\/\/landjugend.neusserling.at\/wordpress\/wp-content\/uploads\/2026\/01\/IMG_7193-300x225.jpg 300w, https:\/\/landjugend.neusserling.at\/wordpress\/wp-content\/uploads\/2026\/01\/IMG_7193-768x576.jpg 768w, https:\/\/landjugend.neusserling.at\/wordpress\/wp-content\/uploads\/2026\/01\/IMG_7193-1536x1152.jpg 1536w, https:\/\/landjugend.neusserling.at\/wordpress\/wp-content\/uploads\/2026\/01\/IMG_7193-2048x1536.jpg 2048w\" sizes=\"auto, (max-width: 1024px) 100vw, 1024px\" \/><\/figure>\n\n\n\n<p>Die Landjugend Neusserling (LJN) ist eine von 21 Ortsgruppen im Bezirk Urfahr-Umgebung und teilt die Werte der Bezirks-, Landes- und Bundesorganisation. Diese Werte werden aktiv durch unsere vielf\u00e4ltigen Aktivit\u00e4ten gelebt. Einige Aktionen sind feste Bestandteile unseres Jahreskalenders, w\u00e4hrend andere einmalige besondere Ereignisse darstellen. In einer freundschaftlichen Gemeinschaft tragen wir wesentlich zur Pflege des Brauchtums bei. Doch unser Beitrag geht dar\u00fcber hinaus: Mit kreativen Ideen in den Bereichen Kultur, Sport und Infrastruktur f\u00f6rdern wir das Gemeinwohl in der Gemeinde. Durch gezielte \u00d6ffentlichkeitsarbeit und unser Engagement in der \u00dcbernahme von Verantwortung entstehen fruchtbare Kooperationen mit anderen Vereinen und Organisationen. Unsere Mitglieder entwickeln durch die gemeinsame Arbeit wertvolle F\u00e4higkeiten, die sie zu selbstbewussten und verantwortungsvollen jungen Erwachsenen und somit zu m\u00fcndigen B\u00fcrgerinnen und B\u00fcrgern heranwachsen lassen.<\/p>\n\n\n\n<h2 class=\"wp-block-heading\">Die Landjugend in \u00d6sterreich<\/h2>\n\n\n\n<p>Die Landjugend \u00d6sterreich wurde in den 1950er Jahren gegr\u00fcndet. Urspr\u00fcnglich lag der Fokus des damaligen \u201eL\u00e4ndlichen Fortbildungswerks\u201c auf der fachlichen Weiterbildung der b\u00e4uerlichen Jugend. In den 1980er Jahren fand eine Wende statt: Mit der Aufnahme von Mitgliedern aus nichtb\u00e4uerlichen Bereichen \u00f6ffnete sich die Gemeinschaft, was sich auch in der Umbenennung zur \u201eLandjugend \u00d6sterreich\u201c widerspiegelte. Mit dieser \u00d6ffnung erweiterte sich auch das Programmspektrum erheblich. Heute ist die Landjugend die gr\u00f6\u00dfte Jugendorganisation im l\u00e4ndlichen Raum. Die ober\u00f6sterreichische Landjugend feierte 2011 ihr 60-j\u00e4hriges Bestehen und sieht sich selbst als attraktive Gemeinschaft zur aktiven Freizeitgestaltung f\u00fcr Jugendliche und junge Erwachsene. Auf Bundesebene versteht sich die Organisation als Sprachrohr und Koordinator f\u00fcr die Anliegen der Jugend im l\u00e4ndlichen Raum.<\/p>\n\n\n\n<p><\/p>\n","protected":false},"excerpt":{"rendered":"<p>Die Landjugend Neusserling (LJN) ist eine von 21 Ortsgruppen im Bezirk Urfahr-Umgebung und teilt die Werte der Bezirks-, Landes- und Bundesorganisation. Diese Werte werden aktiv durch unsere vielf\u00e4ltigen Aktivit\u00e4ten gelebt. Einige Aktionen sind feste Bestandteile unseres Jahreskalenders, w\u00e4hrend andere einmalige besondere Ereignisse darstellen. In einer freundschaftlichen Gemeinschaft tragen wir wesentlich zur Pflege des Brauchtums bei. [&hellip;]<\/p>\n","protected":false},"author":1,"featured_media":0,"parent":0,"menu_order":0,"comment_status":"closed","ping_status":"closed","template":"","meta":{"footnotes":""},"class_list":["post-20","page","type-page","status-publish","hentry"],"_links":{"self":[{"href":"https:\/\/landjugend.neusserling.at\/wordpress\/wp-json\/wp\/v2\/pages\/20","targetHints":{"allow":["GET"]}}],"collection":[{"href":"https:\/\/landjugend.neusserling.at\/wordpress\/wp-json\/wp\/v2\/pages"}],"about":[{"href":"https:\/\/landjugend.neusserling.at\/wordpress\/wp-json\/wp\/v2\/types\/page"}],"author":[{"embeddable":true,"href":"https:\/\/landjugend.neusserling.at\/wordpress\/wp-json\/wp\/v2\/users\/1"}],"replies":[{"embeddable":true,"href":"https:\/\/landjugend.neusserling.at\/wordpress\/wp-json\/wp\/v2\/comments?post=20"}],"version-history":[{"count":13,"href":"https:\/\/landjugend.neusserling.at\/wordpress\/wp-json\/wp\/v2\/pages\/20\/revisions"}],"predecessor-version":[{"id":326,"href":"https:\/\/landjugend.neusserling.at\/wordpress\/wp-json\/wp\/v2\/pages\/20\/revisions\/326"}],"wp:attachment":[{"href":"https:\/\/landjugend.neusserling.at\/wordpress\/wp-json\/wp\/v2\/media?parent=20"}],"curies":[{"name":"wp","href":"https:\/\/api.w.org\/{rel}","templated":true}]}}